{"id":161,"date":"2018-12-30T19:45:49","date_gmt":"2018-12-30T19:45:49","guid":{"rendered":"http:\/\/geotextundfoto.com\/?page_id=161"},"modified":"2024-11-25T20:47:19","modified_gmt":"2024-11-25T20:47:19","slug":"beispiele-text","status":"publish","type":"page","link":"https:\/\/geotextundfoto.com\/?page_id=161","title":{"rendered":"Beispiele \/ Texte"},"content":{"rendered":"\n<p class=\"wp-block-paragraph\">Hier gibt&#8217;s bereits ver\u00f6ffentlichte Texte als PDF zu sehen. <\/p>\n\n\n\n<p class=\"wp-block-paragraph\"><a href=\"https:\/\/geotextundfoto.com\/wp-content\/uploads\/2024\/11\/16-31_MYBIKE-Gravel-6-24.pdf\" data-type=\"page\" data-id=\"161\"><strong>Elektrisierender Spa\u00df auf Schotter.<\/strong><\/a> Der Gravel-Trend hat die Bike-Welt erobert. Und sofort gehts weiter: Was ist die passende E-Unterst\u00fctzung der Renner f\u00fcr alle Oberfl\u00e4chen? Und welcher Graveler passt zu welchem Einsatz?  Im meinem Test in der MYBIKE 6\/2024 sind sechs teils superleichte und extrem agile E-Gravelbikes.  <\/p>\n\n\n\n<p class=\"wp-block-paragraph\"><strong><a href=\"https:\/\/geotextundfoto.com\/wp-content\/uploads\/2023\/01\/Hybrid.pdf\" data-type=\"link\" data-id=\"https:\/\/geotextundfoto.com\/wp-content\/uploads\/2024\/11\/16-31_MYBIKE-Gravel-6-24.pdf\">Der Serielle Hybrid.<\/a><\/strong> Kein Kettenblatt, keine Kette, kein Ritzelpaket oder Schaltnabe: bei einem Seriellem Hybrid wird Tretenergie in elektrische Energie umgewandelt und zwischengespeichert. Der Akku gibt sie dann direkt an den Motor weiter. Bald schon Standard am E-Bike? Eine Momentaufnahme im <strong>Velobiz Magazin 10\/2022. <\/strong><\/p>\n\n\n\n<p class=\"wp-block-paragraph\"><a href=\"https:\/\/geotextundfoto.com\/wp-content\/uploads\/2022\/03\/DoSei-Gorillas.pdf\" data-type=\"URL\" data-id=\"https:\/\/geotextundfoto.com\/wp-content\/uploads\/2022\/03\/DoSei-Gorillas.pdf\"><strong>Die bringen\u2019s! Essenslieferanten brauchen Fahrr\u00e4der. <\/strong><\/a>Viele. Und das in Zeiten der rissigen bis nicht vorhandenen Lieferketten. F\u00fcr Velobiz Magazin habe ich versucht zu eruieren, woher die Liefer-Helden ihre E-Bikes nehmen. Ein dynamischer bis chaotischer Markt. <strong>Velobiz Magazin 3\/2022.<\/strong><\/p>\n\n\n\n<p class=\"wp-block-paragraph\"><strong><a href=\"https:\/\/geotextundfoto.com\/wp-content\/uploads\/2021\/03\/Links-ist-die-Bremse_TEXT_fs.pdf\" data-type=\"URL\" data-id=\"https:\/\/geotextundfoto.com\/wp-content\/uploads\/2021\/03\/Links-ist-die-Bremse_TEXT_fs.pdf\">Rechts oder Links? Bremsliche Situation!<\/a><\/strong> Warum bremst man an deutschen R\u00e4dern standardm\u00e4\u00dfig die Vorderradbremse mit der schw\u00e4cheren linken Hand? Feuilletonistische Erw\u00e4gungen zum Thema aus der Zeitschrift <em><strong>fahrstil<\/strong><\/em> (Jahrgang 2020).<\/p>\n\n\n\n<p class=\"wp-block-paragraph\"><strong><a rel=\"noreferrer noopener\" href=\"https:\/\/geotextundfoto.com\/wp-content\/uploads\/2021\/10\/Wippermann_Herr-der-Ketten.pdf\" data-type=\"URL\" data-id=\"https:\/\/geotextundfoto.com\/wp-content\/uploads\/2021\/10\/Wippermann_Herr-der-Ketten.pdf\" target=\"_blank\">Der Herr der Ketten<\/a><\/strong>.  Die Kette, die unbekannte Allerweltskomponente: Fast jeder braucht sie, aber keiner ahnt von dem Hightech, das drin steckt. Und nur einer in Deutschland macht sie: Wippermann in Hagen. Wir waren dort. Unternehmensportr\u00e4t, in der Fachzeitschrift <strong>Velobiz Magazin 12 \/ 2020. <\/strong><\/p>\n\n\n\n<p class=\"wp-block-paragraph\"><strong><a href=\"https:\/\/geotextundfoto.com\/wp-content\/uploads\/2021\/05\/Focus-1_21-Alltagsrad-TEXT-only.odt\">Kaufberatung: Das E-Bike f\u00fcr die City.<\/a> <\/strong>Welches Pedelec passt zu mir, was muss ich beachten, was sollte mir die StVZO dazu sagen und, und, und. Aufmachertext zum Focus-E-Bike-Heft (1\/2021), nur Text.  <\/p>\n\n\n\n<p class=\"wp-block-paragraph\"><a href=\"https:\/\/geotextundfoto.com\/wp-content\/uploads\/2021\/05\/Aerothan_Text-pur.odt\" data-type=\"URL\" data-id=\"https:\/\/geotextundfoto.com\/wp-content\/uploads\/2021\/05\/Aerothan_Text-pur.odt\"><strong>Test: Dichter und und durabiler? Aerothan<\/strong><\/a>, der neue Hightech-Schlauch f\u00fcrs Fahrrad. Testbericht im Online-Magazin <strong>Velomotion, 2020. <\/strong><\/p>\n\n\n\n<p class=\"wp-block-paragraph\"><em><strong>Ich kann hier leider keine meiner Werbe-  und PR-Textprojekte f\u00fcr Hersteller hinterlegen. Ich kann Ihnen aber auf Wunsch Beispiele ganz unterschiedlicher Art zuschicken. Einfach danach fragen.  <\/strong><\/em><\/p>\n\n\n\n<ul class=\"wp-block-list\">\n<li><\/li>\n<\/ul>\n\n\n\n<div class=\"wp-block-media-text alignwide is-stacked-on-mobile\"><figure class=\"wp-block-media-text__media\"><\/figure><div class=\"wp-block-media-text__content\">\n<p class=\"wp-block-paragraph\"><\/p>\n\n\n\n<div class=\"wp-block-media-text alignwide is-stacked-on-mobile\"><figure class=\"wp-block-media-text__media\"><\/figure><div class=\"wp-block-media-text__content\">\n<p class=\"wp-block-paragraph\"><\/p>\n<\/div><\/div>\n<\/div><\/div>\n","protected":false},"excerpt":{"rendered":"<p>Hier gibt&#8217;s bereits ver\u00f6ffentlichte Texte als PDF zu sehen. Elektrisierender Spa\u00df auf Schotter. Der Gravel-Trend hat die Bike-Welt erobert. Und sofort gehts weiter: Was ist die passende E-Unterst\u00fctzung der Renner f\u00fcr alle Oberfl\u00e4chen? Und welcher Graveler passt zu welchem Einsatz? Im meinem Test in der MYBIKE 6\/2024 sind sechs teils superleichte und extrem agile E-Gravelbikes. &hellip; <\/p>\n<p class=\"link-more\"><a href=\"https:\/\/geotextundfoto.com\/?page_id=161\" class=\"more-link\"><span class=\"screen-reader-text\">\u201eBeispiele \/ Texte\u201c <\/span>weiterlesen<\/a><\/p>\n","protected":false},"author":1,"featured_media":0,"parent":0,"menu_order":3,"comment_status":"closed","ping_status":"closed","template":"","meta":{"_crdt_document":"","footnotes":""},"class_list":["post-161","page","type-page","status-publish","hentry"],"jetpack_sharing_enabled":true,"_links":{"self":[{"href":"https:\/\/geotextundfoto.com\/index.php?rest_route=\/wp\/v2\/pages\/161","targetHints":{"allow":["GET"]}}],"collection":[{"href":"https:\/\/geotextundfoto.com\/index.php?rest_route=\/wp\/v2\/pages"}],"about":[{"href":"https:\/\/geotextundfoto.com\/index.php?rest_route=\/wp\/v2\/types\/page"}],"author":[{"embeddable":true,"href":"https:\/\/geotextundfoto.com\/index.php?rest_route=\/wp\/v2\/users\/1"}],"replies":[{"embeddable":true,"href":"https:\/\/geotextundfoto.com\/index.php?rest_route=%2Fwp%2Fv2%2Fcomments&post=161"}],"version-history":[{"count":36,"href":"https:\/\/geotextundfoto.com\/index.php?rest_route=\/wp\/v2\/pages\/161\/revisions"}],"predecessor-version":[{"id":543,"href":"https:\/\/geotextundfoto.com\/index.php?rest_route=\/wp\/v2\/pages\/161\/revisions\/543"}],"wp:attachment":[{"href":"https:\/\/geotextundfoto.com\/index.php?rest_route=%2Fwp%2Fv2%2Fmedia&parent=161"}],"curies":[{"name":"wp","href":"https:\/\/api.w.org\/{rel}","templated":true}]}}

<p class="wp-block-paragraph">Hier gibt&#8217;s bereits veröffentlichte Texte als PDF zu sehen. </p>



<p class="wp-block-paragraph"><a href="https://geotextundfoto.com/wp-content/uploads/2024/11/16-31_MYBIKE-Gravel-6-24.pdf" data-type="page" data-id="161"><strong>Elektrisierender Spaß auf Schotter.</strong></a> Der Gravel-Trend hat die Bike-Welt erobert. Und sofort gehts weiter: Was ist die passende E-Unterstützung der Renner für alle Oberflächen? Und welcher Graveler passt zu welchem Einsatz?  Im meinem Test in der MYBIKE 6/2024 sind sechs teils superleichte und extrem agile E-Gravelbikes.  </p>



<p class="wp-block-paragraph"><strong><a href="https://geotextundfoto.com/wp-content/uploads/2023/01/Hybrid.pdf" data-type="link" data-id="https://geotextundfoto.com/wp-content/uploads/2024/11/16-31_MYBIKE-Gravel-6-24.pdf">Der Serielle Hybrid.</a></strong> Kein Kettenblatt, keine Kette, kein Ritzelpaket oder Schaltnabe: bei einem Seriellem Hybrid wird Tretenergie in elektrische Energie umgewandelt und zwischengespeichert. Der Akku gibt sie dann direkt an den Motor weiter. Bald schon Standard am E-Bike? Eine Momentaufnahme im <strong>Velobiz Magazin 10/2022. </strong></p>



<p class="wp-block-paragraph"><a href="https://geotextundfoto.com/wp-content/uploads/2022/03/DoSei-Gorillas.pdf" data-type="URL" data-id="https://geotextundfoto.com/wp-content/uploads/2022/03/DoSei-Gorillas.pdf"><strong>Die bringen’s! Essenslieferanten brauchen Fahrräder. </strong></a>Viele. Und das in Zeiten der rissigen bis nicht vorhandenen Lieferketten. Für Velobiz Magazin habe ich versucht zu eruieren, woher die Liefer-Helden ihre E-Bikes nehmen. Ein dynamischer bis chaotischer Markt. <strong>Velobiz Magazin 3/2022.</strong></p>



<p class="wp-block-paragraph"><strong><a href="https://geotextundfoto.com/wp-content/uploads/2021/03/Links-ist-die-Bremse_TEXT_fs.pdf" data-type="URL" data-id="https://geotextundfoto.com/wp-content/uploads/2021/03/Links-ist-die-Bremse_TEXT_fs.pdf">Rechts oder Links? Bremsliche Situation!</a></strong> Warum bremst man an deutschen Rädern standardmäßig die Vorderradbremse mit der schwächeren linken Hand? Feuilletonistische Erwägungen zum Thema aus der Zeitschrift <em><strong>fahrstil</strong></em> (Jahrgang 2020).</p>



<p class="wp-block-paragraph"><strong><a rel="noreferrer noopener" href="https://geotextundfoto.com/wp-content/uploads/2021/10/Wippermann_Herr-der-Ketten.pdf" data-type="URL" data-id="https://geotextundfoto.com/wp-content/uploads/2021/10/Wippermann_Herr-der-Ketten.pdf" target="_blank">Der Herr der Ketten</a></strong>.  Die Kette, die unbekannte Allerweltskomponente: Fast jeder braucht sie, aber keiner ahnt von dem Hightech, das drin steckt. Und nur einer in Deutschland macht sie: Wippermann in Hagen. Wir waren dort. Unternehmensporträt, in der Fachzeitschrift <strong>Velobiz Magazin 12 / 2020. </strong></p>



<p class="wp-block-paragraph"><strong><a href="https://geotextundfoto.com/wp-content/uploads/2021/05/Focus-1_21-Alltagsrad-TEXT-only.odt">Kaufberatung: Das E-Bike für die City.</a> </strong>Welches Pedelec passt zu mir, was muss ich beachten, was sollte mir die StVZO dazu sagen und, und, und. Aufmachertext zum Focus-E-Bike-Heft (1/2021), nur Text.  </p>



<p class="wp-block-paragraph"><a href="https://geotextundfoto.com/wp-content/uploads/2021/05/Aerothan_Text-pur.odt" data-type="URL" data-id="https://geotextundfoto.com/wp-content/uploads/2021/05/Aerothan_Text-pur.odt"><strong>Test: Dichter und und durabiler? Aerothan</strong></a>, der neue Hightech-Schlauch fürs Fahrrad. Testbericht im Online-Magazin <strong>Velomotion, 2020. </strong></p>



<p class="wp-block-paragraph"><em><strong>Ich kann hier leider keine meiner Werbe-  und PR-Textprojekte für Hersteller hinterlegen. Ich kann Ihnen aber auf Wunsch Beispiele ganz unterschiedlicher Art zuschicken. Einfach danach fragen.  </strong></em></p>



<ul class="wp-block-list">
<li></li>
</ul>



<div class="wp-block-media-text alignwide is-stacked-on-mobile"><figure class="wp-block-media-text__media"></figure><div class="wp-block-media-text__content">
<p class="wp-block-paragraph"></p>



<div class="wp-block-media-text alignwide is-stacked-on-mobile"><figure class="wp-block-media-text__media"></figure><div class="wp-block-media-text__content">
<p class="wp-block-paragraph"></p>
</div></div>
</div></div>

<p>Hier gibt&#8217;s bereits veröffentlichte Texte als PDF zu sehen. Elektrisierender Spaß auf Schotter. Der Gravel-Trend hat die Bike-Welt erobert. Und sofort gehts weiter: Was ist die passende E-Unterstützung der Renner für alle Oberflächen? Und welcher Graveler passt zu welchem Einsatz? Im meinem Test in der MYBIKE 6/2024 sind sechs teils superleichte und extrem agile E-Gravelbikes. &hellip; </p>
<p class="link-more"><a href="https://geotextundfoto.com/?page_id=161" class="more-link"><span class="screen-reader-text">„Beispiele / Texte“ </span>weiterlesen</a></p>
